{"id":26908,"date":"2020-12-20T13:22:09","date_gmt":"2020-12-20T15:22:09","guid":{"rendered":"https:\/\/www.tiendaled.cl\/?post_type=product&#038;p=26908"},"modified":"2023-07-01T18:24:10","modified_gmt":"2023-07-01T20:24:10","slug":"pack-de-2-farol-aplique-clasico-exterior","status":"publish","type":"product","link":"https:\/\/www.tiendaled.cl\/?product=pack-de-2-farol-aplique-clasico-exterior","title":{"rendered":"Pack de 2 Farol Aplique Clasico Exterior"},"content":{"rendered":"<p>Pack de 2 Aplique de pared farol<br \/>\nDe estilo cl\u00e1sico.<\/p>\n<p>Apto para su uso en ambientes exteriores (jardines, terrazas, parques, etc.).<br \/>\nAcabado en blanco y negro<br \/>\nFabricado en aluminio y cristal transparente.<br \/>\nPosee un grado de protecci\u00f3n \u00a0contra el agua y las part\u00edculas.<br \/>\nEst\u00e1ndar E27 le que le permitir\u00e1 utilizar cualquier bombilla de bajo consumo o LED, respetando siempre la potencia m\u00e1xima permitida de 100W<br \/>\nDimnesiones 36 x 21 cms<\/p>\n","protected":false},"excerpt":{"rendered":"<p>Pack de 2 Aplique de pared farol De estilo cl\u00e1sico. Apto para su uso en ambientes exteriores (jardines, terrazas, parques, etc.). Acabado en blanco y negro Fabricado en aluminio y cristal transparente. Posee un grado de protecci\u00f3n \u00a0contra el agua y las part\u00edculas. Est\u00e1ndar E27 le que le permitir\u00e1 utilizar cualquier bombilla de bajo consumo [&#8230;]\n","protected":false},"featured_media":26914,"comment_status":"open","ping_status":"closed","template":"","meta":{"_joinchat":[]},"product_brand":[],"product_cat":[106,104,107],"product_tag":[],"class_list":{"0":"post-26908","1":"product","2":"type-product","3":"status-publish","4":"has-post-thumbnail","6":"product_cat-apliques","7":"product_cat-apliques-vintage","8":"product_cat-faroles","10":"first","11":"instock","12":"shipping-taxable","13":"purchasable","14":"product-type-simple"},"_links":{"self":[{"href":"https:\/\/www.tiendaled.cl\/index.php?rest_route=\/wp\/v2\/product\/26908","targetHints":{"allow":["GET"]}}],"collection":[{"href":"https:\/\/www.tiendaled.cl\/index.php?rest_route=\/wp\/v2\/product"}],"about":[{"href":"https:\/\/www.tiendaled.cl\/index.php?rest_route=\/wp\/v2\/types\/product"}],"replies":[{"embeddable":true,"href":"https:\/\/www.tiendaled.cl\/index.php?rest_route=%2Fwp%2Fv2%2Fcomments&post=26908"}],"wp:featuredmedia":[{"embeddable":true,"href":"https:\/\/www.tiendaled.cl\/index.php?rest_route=\/wp\/v2\/media\/26914"}],"wp:attachment":[{"href":"https:\/\/www.tiendaled.cl\/index.php?rest_route=%2Fwp%2Fv2%2Fmedia&parent=26908"}],"wp:term":[{"taxonomy":"product_brand","embeddable":true,"href":"https:\/\/www.tiendaled.cl\/index.php?rest_route=%2Fwp%2Fv2%2Fproduct_brand&post=26908"},{"taxonomy":"product_cat","embeddable":true,"href":"https:\/\/www.tiendaled.cl\/index.php?rest_route=%2Fwp%2Fv2%2Fproduct_cat&post=26908"},{"taxonomy":"product_tag","embeddable":true,"href":"https:\/\/www.tiendaled.cl\/index.php?rest_route=%2Fwp%2Fv2%2Fproduct_tag&post=26908"}],"curies":[{"name":"wp","href":"https:\/\/api.w.org\/{rel}","templated":true}]}}

<p>Pack de 2 Aplique de pared farol<br />
De estilo clásico.</p>
<p>Apto para su uso en ambientes exteriores (jardines, terrazas, parques, etc.).<br />
Acabado en blanco y negro<br />
Fabricado en aluminio y cristal transparente.<br />
Posee un grado de protección  contra el agua y las partículas.<br />
Estándar E27 le que le permitirá utilizar cualquier bombilla de bajo consumo o LED, respetando siempre la potencia máxima permitida de 100W<br />
Dimnesiones 36 x 21 cms</p>

<p>Pack de 2 Aplique de pared farol De estilo clásico. Apto para su uso en ambientes exteriores (jardines, terrazas, parques, etc.). Acabado en blanco y negro Fabricado en aluminio y cristal transparente. Posee un grado de protección  contra el agua y las partículas. Estándar E27 le que le permitirá utilizar cualquier bombilla de bajo consumo [&#8230;]
