{"id":24507,"date":"2020-06-08T09:32:42","date_gmt":"2020-06-08T11:32:42","guid":{"rendered":"https:\/\/www.tiendaled.cl\/?post_type=product&#038;p=24507"},"modified":"2025-06-23T15:37:00","modified_gmt":"2025-06-23T17:37:00","slug":"lampara-colgante-lagrima-dorada-5-brazos-incluye-ampolletas","status":"publish","type":"product","link":"https:\/\/www.tiendaled.cl\/?product=lampara-colgante-lagrima-dorada-5-brazos-incluye-ampolletas","title":{"rendered":"Lampara Colgante Lagrima Dorada 5 Soquetes"},"content":{"rendered":"<p>Lampara colgante lagrimas 5 brazos dorada<\/p>\n<p>L\u00e1mpara colgante que permite m\u00faltiples usos en decoraci\u00f3n.<br \/>\nLa L\u00e1mpara Colgante de Metal y Vidrio<br \/>\nEs perfecta para ambientes cl\u00e1sicos y genera interesantes contrastes con est\u00e9ticas de otro tipo, como vintage o estilos contempor\u00e1neos.<\/p>\n<p>Tiene 5 focos de luz, para los que idealmente se deben elegir ampolletas tipo vela soquete E14<br \/>\nSu mejor ubicaci\u00f3n es en techos altos, como los de las residencias antiguas, para que luzcan sus cl\u00e1sicas l\u00e1grimas de vidrio.<br \/>\nEs un fant\u00e1stico accesorio para zonas como salones, recibidores, escaleras o comedores.<\/p>\n<p>Alto total 80 cm<br \/>\nLargo del cable 80 cm<br \/>\nAncho 80 cm<\/p>\n","protected":false},"excerpt":{"rendered":"<p>Lampara colgante lagrimas 5 brazos dorada L\u00e1mpara colgante que permite m\u00faltiples usos en decoraci\u00f3n. La L\u00e1mpara Colgante de Metal y Vidrio Es perfecta para ambientes cl\u00e1sicos y genera interesantes contrastes con est\u00e9ticas de otro tipo, como vintage o estilos contempor\u00e1neos. Tiene 5 focos de luz, para los que idealmente se deben elegir ampolletas tipo vela [&#8230;]\n","protected":false},"featured_media":79745,"comment_status":"open","ping_status":"closed","template":"","meta":{"_joinchat":[]},"product_brand":[],"product_cat":[184,92,93,103,111],"product_tag":[120,172,122,473],"class_list":{"0":"post-24507","1":"product","2":"type-product","3":"status-publish","4":"has-post-thumbnail","6":"product_cat-lampara-lagrimas","7":"product_cat-productos-led","8":"product_cat-ampolletas-led","9":"product_cat-lamparas-y-apliques","10":"product_cat-lamparas-colgantes","11":"product_tag-lampara","12":"product_tag-lampara-candelabro","13":"product_tag-lampara-colgante","14":"product_tag-lampara-de-lagrimas","16":"first","17":"instock","18":"shipping-taxable","19":"purchasable","20":"product-type-simple"},"_links":{"self":[{"href":"https:\/\/www.tiendaled.cl\/index.php?rest_route=\/wp\/v2\/product\/24507","targetHints":{"allow":["GET"]}}],"collection":[{"href":"https:\/\/www.tiendaled.cl\/index.php?rest_route=\/wp\/v2\/product"}],"about":[{"href":"https:\/\/www.tiendaled.cl\/index.php?rest_route=\/wp\/v2\/types\/product"}],"replies":[{"embeddable":true,"href":"https:\/\/www.tiendaled.cl\/index.php?rest_route=%2Fwp%2Fv2%2Fcomments&post=24507"}],"wp:featuredmedia":[{"embeddable":true,"href":"https:\/\/www.tiendaled.cl\/index.php?rest_route=\/wp\/v2\/media\/79745"}],"wp:attachment":[{"href":"https:\/\/www.tiendaled.cl\/index.php?rest_route=%2Fwp%2Fv2%2Fmedia&parent=24507"}],"wp:term":[{"taxonomy":"product_brand","embeddable":true,"href":"https:\/\/www.tiendaled.cl\/index.php?rest_route=%2Fwp%2Fv2%2Fproduct_brand&post=24507"},{"taxonomy":"product_cat","embeddable":true,"href":"https:\/\/www.tiendaled.cl\/index.php?rest_route=%2Fwp%2Fv2%2Fproduct_cat&post=24507"},{"taxonomy":"product_tag","embeddable":true,"href":"https:\/\/www.tiendaled.cl\/index.php?rest_route=%2Fwp%2Fv2%2Fproduct_tag&post=24507"}],"curies":[{"name":"wp","href":"https:\/\/api.w.org\/{rel}","templated":true}]}}