{"id":22593,"date":"2020-05-13T00:39:53","date_gmt":"2020-05-13T02:39:53","guid":{"rendered":"https:\/\/www.tiendaled.cl\/?post_type=product&#038;p=22593"},"modified":"2026-01-21T15:44:19","modified_gmt":"2026-01-21T17:44:19","slug":"lampara-colgante-lagrima-blanca-3-brazos-incluye-ampolletas-led-vela","status":"publish","type":"product","link":"https:\/\/www.tiendaled.cl\/?product=lampara-colgante-lagrima-blanca-3-brazos-incluye-ampolletas-led-vela","title":{"rendered":"Lampara Colgante Lagrima Blanca 5 Brazos, incluye ampolletas led vela"},"content":{"rendered":"<p>Lampara colgante lagrimas 5 brazos<\/p>\n<p>L\u00e1mpara colgante que permite m\u00faltiples usos en decoraci\u00f3n.<br \/>\nLa L\u00e1mpara Colgante de Metal y Vidrio<br \/>\nEs perfecta para ambientes cl\u00e1sicos y genera interesantes contrastes con est\u00e9ticas de otro tipo, como vintage o estilos contempor\u00e1neos.<\/p>\n<p>Tiene 5 focos de luz, para los que idealmente se deben elegir ampolletas tipo vela soquete E14<br \/>\nSu mejor ubicaci\u00f3n es en techos altos, como los de las residencias antiguas, para que luzcan sus cl\u00e1sicas l\u00e1grimas de vidrio.<br \/>\nEs un fant\u00e1stico accesorio para zonas como salones, recibidores, escaleras o comedores.<\/p>\n<p>Alto total 48 cm<br \/>\nLargo del cable 80 cm<br \/>\nAncho 70 cm<br \/>\nIncluye 5 ampolletas tipo led vela de regalo<br \/>\nDisponible en Blanco y Negro<\/p>\n","protected":false},"excerpt":{"rendered":"<p>Lampara colgante lagrimas 5 brazos L\u00e1mpara colgante que permite m\u00faltiples usos en decoraci\u00f3n. La L\u00e1mpara Colgante de Metal y Vidrio Es perfecta para ambientes cl\u00e1sicos y genera interesantes contrastes con est\u00e9ticas de otro tipo, como vintage o estilos contempor\u00e1neos. Tiene 5 focos de luz, para los que idealmente se deben elegir ampolletas tipo vela soquete [&#8230;]\n","protected":false},"featured_media":22598,"comment_status":"open","ping_status":"closed","template":"","meta":{"_joinchat":[]},"product_brand":[],"product_cat":[92,93,103,111],"product_tag":[],"class_list":{"0":"post-22593","1":"product","2":"type-product","3":"status-publish","4":"has-post-thumbnail","6":"product_cat-productos-led","7":"product_cat-ampolletas-led","8":"product_cat-lamparas-y-apliques","9":"product_cat-lamparas-colgantes","11":"first","12":"instock","13":"shipping-taxable","14":"purchasable","15":"product-type-simple"},"_links":{"self":[{"href":"https:\/\/www.tiendaled.cl\/index.php?rest_route=\/wp\/v2\/product\/22593","targetHints":{"allow":["GET"]}}],"collection":[{"href":"https:\/\/www.tiendaled.cl\/index.php?rest_route=\/wp\/v2\/product"}],"about":[{"href":"https:\/\/www.tiendaled.cl\/index.php?rest_route=\/wp\/v2\/types\/product"}],"replies":[{"embeddable":true,"href":"https:\/\/www.tiendaled.cl\/index.php?rest_route=%2Fwp%2Fv2%2Fcomments&post=22593"}],"wp:featuredmedia":[{"embeddable":true,"href":"https:\/\/www.tiendaled.cl\/index.php?rest_route=\/wp\/v2\/media\/22598"}],"wp:attachment":[{"href":"https:\/\/www.tiendaled.cl\/index.php?rest_route=%2Fwp%2Fv2%2Fmedia&parent=22593"}],"wp:term":[{"taxonomy":"product_brand","embeddable":true,"href":"https:\/\/www.tiendaled.cl\/index.php?rest_route=%2Fwp%2Fv2%2Fproduct_brand&post=22593"},{"taxonomy":"product_cat","embeddable":true,"href":"https:\/\/www.tiendaled.cl\/index.php?rest_route=%2Fwp%2Fv2%2Fproduct_cat&post=22593"},{"taxonomy":"product_tag","embeddable":true,"href":"https:\/\/www.tiendaled.cl\/index.php?rest_route=%2Fwp%2Fv2%2Fproduct_tag&post=22593"}],"curies":[{"name":"wp","href":"https:\/\/api.w.org\/{rel}","templated":true}]}}