{"id":15961,"date":"2020-01-23T08:31:39","date_gmt":"2020-01-23T10:31:39","guid":{"rendered":"https:\/\/www.tiendaled.cl\/?post_type=product&#038;p=15961"},"modified":"2024-07-04T01:49:38","modified_gmt":"2024-07-04T03:49:38","slug":"lampara-colgante-rustica-de-hierro-canamo","status":"publish","type":"product","link":"https:\/\/www.tiendaled.cl\/?product=lampara-colgante-rustica-de-hierro-canamo","title":{"rendered":"L\u00e1mpara Colgante Rustica De Hierro C\u00e1\u00f1amo"},"content":{"rendered":"<h1 class=\"item-title__primary \">L\u00e1mpara Colgante Rustica De Hierro C\u00e1\u00f1amo<\/h1>\n<p>&nbsp;<\/p>\n<p>Dise\u00f1o \u00fanico &#8211; Modelo Cilindro cubierta de ca\u00f1amo<br \/>\nUna lampara que hara que sus espacios se vean Rusticos<br \/>\nIdeal para ser instalada en el living, comedor, bar, dormitorio, o donde quieras tener un toque vintage e industrial<br \/>\nMuy utilizada en bares y restoranes, asi como tambien hoteles y tiendas<br \/>\nMedidas de la l\u00e1mpara: 30x25cm<br \/>\nLongitud del cable:100CM<br \/>\nMaterial principal: Hierro y Cuerda de c\u00e1\u00f1amo<br \/>\nColor: ; negro<br \/>\nDi\u00e1metro de la base: 10CM<br \/>\nVoltaje: 220V<br \/>\nSoquete tradicional: E27<\/p>\n<p>Incluye ampolleta led de filamento vintage de regalo<\/p>\n","protected":false},"excerpt":{"rendered":"<p>L\u00e1mpara Colgante Rustica De Hierro C\u00e1\u00f1amo &nbsp; Dise\u00f1o \u00fanico &#8211; Modelo Cilindro cubierta de ca\u00f1amo Una lampara que hara que sus espacios se vean Rusticos Ideal para ser instalada en el living, comedor, bar, dormitorio, o donde quieras tener un toque vintage e industrial Muy utilizada en bares y restoranes, asi como tambien hoteles y [&#8230;]\n","protected":false},"featured_media":15962,"comment_status":"open","ping_status":"closed","template":"","meta":{"_joinchat":[]},"product_brand":[],"product_cat":[425,92,93,103,111,105],"product_tag":[135,134,120,122,147,148,124],"class_list":{"0":"post-15961","1":"product","2":"type-product","3":"status-publish","4":"has-post-thumbnail","6":"product_cat-ofertas","7":"product_cat-productos-led","8":"product_cat-ampolletas-led","9":"product_cat-lamparas-y-apliques","10":"product_cat-lamparas-colgantes","11":"product_cat-lamparas-vintage","12":"product_tag-ampolleta-led","13":"product_tag-ampolleta-vintage","14":"product_tag-lampara","15":"product_tag-lampara-colgante","16":"product_tag-lampara-rustica","17":"product_tag-lampara-techo","18":"product_tag-lampara-vintage","20":"first","21":"instock","22":"sale","23":"shipping-taxable","24":"purchasable","25":"product-type-simple"},"_links":{"self":[{"href":"https:\/\/www.tiendaled.cl\/index.php?rest_route=\/wp\/v2\/product\/15961","targetHints":{"allow":["GET"]}}],"collection":[{"href":"https:\/\/www.tiendaled.cl\/index.php?rest_route=\/wp\/v2\/product"}],"about":[{"href":"https:\/\/www.tiendaled.cl\/index.php?rest_route=\/wp\/v2\/types\/product"}],"replies":[{"embeddable":true,"href":"https:\/\/www.tiendaled.cl\/index.php?rest_route=%2Fwp%2Fv2%2Fcomments&post=15961"}],"wp:featuredmedia":[{"embeddable":true,"href":"https:\/\/www.tiendaled.cl\/index.php?rest_route=\/wp\/v2\/media\/15962"}],"wp:attachment":[{"href":"https:\/\/www.tiendaled.cl\/index.php?rest_route=%2Fwp%2Fv2%2Fmedia&parent=15961"}],"wp:term":[{"taxonomy":"product_brand","embeddable":true,"href":"https:\/\/www.tiendaled.cl\/index.php?rest_route=%2Fwp%2Fv2%2Fproduct_brand&post=15961"},{"taxonomy":"product_cat","embeddable":true,"href":"https:\/\/www.tiendaled.cl\/index.php?rest_route=%2Fwp%2Fv2%2Fproduct_cat&post=15961"},{"taxonomy":"product_tag","embeddable":true,"href":"https:\/\/www.tiendaled.cl\/index.php?rest_route=%2Fwp%2Fv2%2Fproduct_tag&post=15961"}],"curies":[{"name":"wp","href":"https:\/\/api.w.org\/{rel}","templated":true}]}}