{"id":15268,"date":"2020-01-10T20:44:15","date_gmt":"2020-01-10T22:44:15","guid":{"rendered":"https:\/\/www.tiendaled.cl\/?post_type=product&#038;p=15268"},"modified":"2025-08-08T11:00:04","modified_gmt":"2025-08-08T13:00:04","slug":"lampara-colgante-estilo-nordico-modelo-calyx","status":"publish","type":"product","link":"https:\/\/www.tiendaled.cl\/?product=lampara-colgante-estilo-nordico-modelo-calyx","title":{"rendered":"L\u00e1mpara Colgante Estilo Nordico Modelo Calyx"},"content":{"rendered":"<p>L\u00e1mpara colgante de dise\u00f1o n\u00f3rdico con forma de cono<br \/>\nFabricada en aluminio con reflector plateado en su interior.<br \/>\nDotada de soquete para ampolletas LED E27<br \/>\nAMPOLLETA NO INCLUIDA<br \/>\nCable negro de 120cm, ajustable en altura desde el flor\u00f3n del techo.<br \/>\nPerfecta para ambientes con decoraci\u00f3n moderna o n\u00f3rdica.<br \/>\nDisponible en color blanco o negro mate<br \/>\nCombina a la perfecci\u00f3n con tonos blancos, negros, y grises.<\/p>\n<p>Elegante y moderna l\u00e1mpara colgante de dise\u00f1o n\u00f3rdico, con forma de cono, perfecta para una iluminaci\u00f3n focalizada sobre mesas, barras y cocinas.<br \/>\nLa l\u00e1mpara CALYX est\u00e1 fabricada en aluminio lacado en color blanco mate o negro mate y el interior reflector es plateado para una correcta difusi\u00f3n de la luz sin perder intensidad.<\/p>\n<p>Admite ampolletas LED E27 hasta A65 m\u00e1ximo.<\/p>\n<p>Sus compactas dimensiones convierten a la l\u00e1mpara colgante en un elemento decorativo que comparte protagonismo con el resto de la decoraci\u00f3n. Al estar disponible en negro y blanco, es posible combinar varias l\u00e1mparas, a la misma o distinta altura, para iluminar superficie mayores, como mesas grandes, o barras. Por eso, este modelo de l\u00e1mpara colgante es muy utilizado habitualmente en bares y restaurantes, o bien para uso dom\u00e9stico iluminando barras americanas.<\/p>\n<p>Dimensiones 35cm de alto por 16cm de ancho<br \/>\nLargo del cable 1,2m<\/p>\n","protected":false},"excerpt":{"rendered":"<p>L\u00e1mpara colgante de dise\u00f1o n\u00f3rdico con forma de cono Fabricada en aluminio con reflector plateado en su interior. Dotada de soquete para ampolletas LED E27 AMPOLLETA NO INCLUIDA Cable negro de 120cm, ajustable en altura desde el flor\u00f3n del techo. Perfecta para ambientes con decoraci\u00f3n moderna o n\u00f3rdica. Disponible en color blanco o negro mate [&#8230;]\n","protected":false},"featured_media":15278,"comment_status":"open","ping_status":"closed","template":"","meta":{"_joinchat":[]},"product_brand":[],"product_cat":[425,103,111],"product_tag":[122,177,176,148],"class_list":{"0":"post-15268","1":"product","2":"type-product","3":"status-publish","4":"has-post-thumbnail","6":"product_cat-ofertas","7":"product_cat-lamparas-y-apliques","8":"product_cat-lamparas-colgantes","9":"product_tag-lampara-colgante","10":"product_tag-lampara-moderna","11":"product_tag-lampara-nordica","12":"product_tag-lampara-techo","14":"first","15":"outofstock","16":"sale","17":"shipping-taxable","18":"purchasable","19":"product-type-simple"},"_links":{"self":[{"href":"https:\/\/www.tiendaled.cl\/index.php?rest_route=\/wp\/v2\/product\/15268","targetHints":{"allow":["GET"]}}],"collection":[{"href":"https:\/\/www.tiendaled.cl\/index.php?rest_route=\/wp\/v2\/product"}],"about":[{"href":"https:\/\/www.tiendaled.cl\/index.php?rest_route=\/wp\/v2\/types\/product"}],"replies":[{"embeddable":true,"href":"https:\/\/www.tiendaled.cl\/index.php?rest_route=%2Fwp%2Fv2%2Fcomments&post=15268"}],"wp:featuredmedia":[{"embeddable":true,"href":"https:\/\/www.tiendaled.cl\/index.php?rest_route=\/wp\/v2\/media\/15278"}],"wp:attachment":[{"href":"https:\/\/www.tiendaled.cl\/index.php?rest_route=%2Fwp%2Fv2%2Fmedia&parent=15268"}],"wp:term":[{"taxonomy":"product_brand","embeddable":true,"href":"https:\/\/www.tiendaled.cl\/index.php?rest_route=%2Fwp%2Fv2%2Fproduct_brand&post=15268"},{"taxonomy":"product_cat","embeddable":true,"href":"https:\/\/www.tiendaled.cl\/index.php?rest_route=%2Fwp%2Fv2%2Fproduct_cat&post=15268"},{"taxonomy":"product_tag","embeddable":true,"href":"https:\/\/www.tiendaled.cl\/index.php?rest_route=%2Fwp%2Fv2%2Fproduct_tag&post=15268"}],"curies":[{"name":"wp","href":"https:\/\/api.w.org\/{rel}","templated":true}]}}

Lámpara Colgante Estilo Nordico Modelo Calyx

<p>Lámpara colgante de diseño nórdico con forma de cono<br />
Fabricada en aluminio con reflector plateado en su interior.<br />
Dotada de soquete para ampolletas LED E27<br />
AMPOLLETA NO INCLUIDA<br />
Cable negro de 120cm, ajustable en altura desde el florón del techo.<br />
Perfecta para ambientes con decoración moderna o nórdica.<br />
Disponible en color blanco o negro mate<br />
Combina a la perfección con tonos blancos, negros, y grises.</p>
<p>Elegante y moderna lámpara colgante de diseño nórdico, con forma de cono, perfecta para una iluminación focalizada sobre mesas, barras y cocinas.<br />
La lámpara CALYX está fabricada en aluminio lacado en color blanco mate o negro mate y el interior reflector es plateado para una correcta difusión de la luz sin perder intensidad.</p>
<p>Admite ampolletas LED E27 hasta A65 máximo.</p>
<p>Sus compactas dimensiones convierten a la lámpara colgante en un elemento decorativo que comparte protagonismo con el resto de la decoración. Al estar disponible en negro y blanco, es posible combinar varias lámparas, a la misma o distinta altura, para iluminar superficie mayores, como mesas grandes, o barras. Por eso, este modelo de lámpara colgante es muy utilizado habitualmente en bares y restaurantes, o bien para uso doméstico iluminando barras americanas.</p>
<p>Dimensiones 35cm de alto por 16cm de ancho<br />
Largo del cable 1,2m</p>

<p>Lámpara colgante de diseño nórdico con forma de cono Fabricada en aluminio con reflector plateado en su interior. Dotada de soquete para ampolletas LED E27 AMPOLLETA NO INCLUIDA Cable negro de 120cm, ajustable en altura desde el florón del techo. Perfecta para ambientes con decoración moderna o nórdica. Disponible en color blanco o negro mate [&#8230;]
