{"id":12375,"date":"2019-11-17T23:18:00","date_gmt":"2019-11-18T01:18:00","guid":{"rendered":"https:\/\/www.tiendaled.cl\/?post_type=product&#038;p=12375"},"modified":"2026-03-05T11:00:12","modified_gmt":"2026-03-05T13:00:12","slug":"aplique-muro-cono-industrial-brazo-soquete-bronce-vintage","status":"publish","type":"product","link":"https:\/\/www.tiendaled.cl\/?product=aplique-muro-cono-industrial-brazo-soquete-bronce-vintage","title":{"rendered":"Aplique Muro Cono Industrial Brazo Soquete Bronce Vintage"},"content":{"rendered":"<p>Aplique de pared cono industrial, soquete vintage y brazo de color NEGRO<\/p>\n<p>Estilo retro y Art Deco, estructura simple, con el color NEGRO vintage y con base met\u00e1lica<br \/>\nIncluye un hermoso brazo y soquete vintage color bronce el cual entrega un grado de elegancia al aplique de muro,<br \/>\nPerfecta para la cocina\/comedor\/dormitorio\/caf\u00e9\/bar\/club<br \/>\nIluminaci\u00f3n Deco, Elegante, de color negro y un soquete vintage de color bornce, dandole un toque moderno y vintage a la vez<br \/>\nProducto de Alta calidad<\/p>\n<p>&nbsp;<\/p>\n<p>NO INCLUYE AMPOLLETA<\/p>\n<p>Tama\u00f1o ideal de la habitaci\u00f3n donde se instalara: 10 \u2013 15 \u00bf.<\/p>\n<p>Soquete Tradicional E27 [ max. 60 W] |<br \/>\nDimensiones: Brazo 15CM, Cono 15 cm de alto x 20cm de ancho<br \/>\nMaterial: Hierro.<\/p>\n<p>&nbsp;<\/p>\n<p>******IMPORTANTE****<\/p>\n<p>La foto de este producto ha sido ambientada, la fotograf\u00eda es una aproximaci\u00f3n al color real. Por lo cual no incluye ning\u00fan adorno, ni accesorios, ni piezas adicionales ni ning\u00fan otro elemento que lo acompa\u00f1an.<\/p>\n<p>\u00bfTIENE ALGUNA GARANT\u00cdA?<br \/>\n* Todos nuestros productos cuentan con una garantia de 3 meses esta cubre da\u00f1os por defectos del material o errores en la fabricaci\u00f3n.<br \/>\n* NO cubre mala manipulaci\u00f3n por parte del usuario. es importante que revise los productos un vez los reciba independiente de cuando los vaya a instalar<br \/>\n* La garant\u00eda no cubre gastos de env\u00edo.<br \/>\n* Para la garant\u00eda se debe conservar empaque y accesorios completos.<\/p>\n","protected":false},"excerpt":{"rendered":"<p>Aplique de pared cono industrial, soquete vintage y brazo de color NEGRO Estilo retro y Art Deco, estructura simple, con el color NEGRO vintage y con base met\u00e1lica Incluye un hermoso brazo y soquete vintage color bronce el cual entrega un grado de elegancia al aplique de muro, Perfecta para la cocina\/comedor\/dormitorio\/caf\u00e9\/bar\/club Iluminaci\u00f3n Deco, Elegante, [&#8230;]\n","protected":false},"featured_media":32409,"comment_status":"open","ping_status":"closed","template":"","meta":{"_joinchat":[]},"product_brand":[],"product_cat":[425,92,93,103,106,104,107,108],"product_tag":[149,134,132,145,144],"class_list":{"0":"post-12375","1":"product","2":"type-product","3":"status-publish","4":"has-post-thumbnail","6":"product_cat-ofertas","7":"product_cat-productos-led","8":"product_cat-ampolletas-led","9":"product_cat-lamparas-y-apliques","10":"product_cat-apliques","11":"product_cat-apliques-vintage","12":"product_cat-faroles","13":"product_cat-lamparas-de-muro","14":"product_tag-ampolleta-decorativa","15":"product_tag-ampolleta-vintage","16":"product_tag-aplique-muro","17":"product_tag-aplique-retro","18":"product_tag-aplique-vintage","20":"first","21":"instock","22":"sale","23":"shipping-taxable","24":"purchasable","25":"product-type-simple"},"_links":{"self":[{"href":"https:\/\/www.tiendaled.cl\/index.php?rest_route=\/wp\/v2\/product\/12375","targetHints":{"allow":["GET"]}}],"collection":[{"href":"https:\/\/www.tiendaled.cl\/index.php?rest_route=\/wp\/v2\/product"}],"about":[{"href":"https:\/\/www.tiendaled.cl\/index.php?rest_route=\/wp\/v2\/types\/product"}],"replies":[{"embeddable":true,"href":"https:\/\/www.tiendaled.cl\/index.php?rest_route=%2Fwp%2Fv2%2Fcomments&post=12375"}],"wp:featuredmedia":[{"embeddable":true,"href":"https:\/\/www.tiendaled.cl\/index.php?rest_route=\/wp\/v2\/media\/32409"}],"wp:attachment":[{"href":"https:\/\/www.tiendaled.cl\/index.php?rest_route=%2Fwp%2Fv2%2Fmedia&parent=12375"}],"wp:term":[{"taxonomy":"product_brand","embeddable":true,"href":"https:\/\/www.tiendaled.cl\/index.php?rest_route=%2Fwp%2Fv2%2Fproduct_brand&post=12375"},{"taxonomy":"product_cat","embeddable":true,"href":"https:\/\/www.tiendaled.cl\/index.php?rest_route=%2Fwp%2Fv2%2Fproduct_cat&post=12375"},{"taxonomy":"product_tag","embeddable":true,"href":"https:\/\/www.tiendaled.cl\/index.php?rest_route=%2Fwp%2Fv2%2Fproduct_tag&post=12375"}],"curies":[{"name":"wp","href":"https:\/\/api.w.org\/{rel}","templated":true}]}}

<p>Aplique de pared cono industrial, soquete vintage y brazo de color NEGRO</p>
<p>Estilo retro y Art Deco, estructura simple, con el color NEGRO vintage y con base metálica<br />
Incluye un hermoso brazo y soquete vintage color bronce el cual entrega un grado de elegancia al aplique de muro,<br />
Perfecta para la cocina/comedor/dormitorio/café/bar/club<br />
Iluminación Deco, Elegante, de color negro y un soquete vintage de color bornce, dandole un toque moderno y vintage a la vez<br />
Producto de Alta calidad</p>
<p>&nbsp;</p>
<p>NO INCLUYE AMPOLLETA</p>
<p>Tamaño ideal de la habitación donde se instalara: 10 – 15 ¿.</p>
<p>Soquete Tradicional E27 [ max. 60 W] |<br />
Dimensiones: Brazo 15CM, Cono 15 cm de alto x 20cm de ancho<br />
Material: Hierro.</p>
<p>&nbsp;</p>
<p>******IMPORTANTE****</p>
<p>La foto de este producto ha sido ambientada, la fotografía es una aproximación al color real. Por lo cual no incluye ningún adorno, ni accesorios, ni piezas adicionales ni ningún otro elemento que lo acompañan.</p>
<p>¿TIENE ALGUNA GARANTÍA?<br />
* Todos nuestros productos cuentan con una garantia de 3 meses esta cubre daños por defectos del material o errores en la fabricación.<br />
* NO cubre mala manipulación por parte del usuario. es importante que revise los productos un vez los reciba independiente de cuando los vaya a instalar<br />
* La garantía no cubre gastos de envío.<br />
* Para la garantía se debe conservar empaque y accesorios completos.</p>

<p>Aplique de pared cono industrial, soquete vintage y brazo de color NEGRO Estilo retro y Art Deco, estructura simple, con el color NEGRO vintage y con base metálica Incluye un hermoso brazo y soquete vintage color bronce el cual entrega un grado de elegancia al aplique de muro, Perfecta para la cocina/comedor/dormitorio/café/bar/club Iluminación Deco, Elegante, [&#8230;]
