{"id":11091,"date":"2019-10-27T17:37:47","date_gmt":"2019-10-27T19:37:47","guid":{"rendered":"https:\/\/www.tiendaled.cl\/?post_type=product&#038;p=11091"},"modified":"2021-09-27T00:00:55","modified_gmt":"2021-09-27T02:00:55","slug":"aplique-pared-doble-cilindro-moderno-exterior-gris","status":"publish","type":"product","link":"https:\/\/www.tiendaled.cl\/?product=aplique-pared-doble-cilindro-moderno-exterior-gris","title":{"rendered":"Aplique Pared Doble Cilindro Moderno Exterior Gris"},"content":{"rendered":"<p>Aplique de pared Estilo Moderno para Exterior<br \/>\nDise\u00f1o Cilindrico Doble Moderno<br \/>\nApto para su uso en ambientes exteriores (jardines, terrazas, parques, etc.).<br \/>\nAcabado en Gris<br \/>\nFabricado en aluminio y Hierro<br \/>\nPosee un grado de protecci\u00f3n \u00a0contra el agua y las part\u00edculas.<br \/>\nEst\u00e1ndar E27 le que le permitir\u00e1 utilizar cualquier bombilla de bajo consumo o LED, respetando siempre la potencia m\u00e1xima permitida de 60w<br \/>\nDimnesiones 9cm diametro X 26 cms de largo<\/p>\n","protected":false},"excerpt":{"rendered":"<p>Aplique de pared Estilo Moderno para Exterior Dise\u00f1o Cilindrico Doble Moderno Apto para su uso en ambientes exteriores (jardines, terrazas, parques, etc.). Acabado en Gris Fabricado en aluminio y Hierro Posee un grado de protecci\u00f3n \u00a0contra el agua y las part\u00edculas. Est\u00e1ndar E27 le que le permitir\u00e1 utilizar cualquier bombilla de bajo consumo o LED, [&#8230;]\n","protected":false},"featured_media":11092,"comment_status":"open","ping_status":"closed","template":"","meta":{"_joinchat":[]},"product_brand":[],"product_cat":[92,103,106,108],"product_tag":[132,137],"class_list":{"0":"post-11091","1":"product","2":"type-product","3":"status-publish","4":"has-post-thumbnail","6":"product_cat-productos-led","7":"product_cat-lamparas-y-apliques","8":"product_cat-apliques","9":"product_cat-lamparas-de-muro","10":"product_tag-aplique-muro","11":"product_tag-farol-muro","13":"first","14":"instock","15":"sale","16":"shipping-taxable","17":"purchasable","18":"product-type-simple"},"_links":{"self":[{"href":"https:\/\/www.tiendaled.cl\/index.php?rest_route=\/wp\/v2\/product\/11091","targetHints":{"allow":["GET"]}}],"collection":[{"href":"https:\/\/www.tiendaled.cl\/index.php?rest_route=\/wp\/v2\/product"}],"about":[{"href":"https:\/\/www.tiendaled.cl\/index.php?rest_route=\/wp\/v2\/types\/product"}],"replies":[{"embeddable":true,"href":"https:\/\/www.tiendaled.cl\/index.php?rest_route=%2Fwp%2Fv2%2Fcomments&post=11091"}],"wp:featuredmedia":[{"embeddable":true,"href":"https:\/\/www.tiendaled.cl\/index.php?rest_route=\/wp\/v2\/media\/11092"}],"wp:attachment":[{"href":"https:\/\/www.tiendaled.cl\/index.php?rest_route=%2Fwp%2Fv2%2Fmedia&parent=11091"}],"wp:term":[{"taxonomy":"product_brand","embeddable":true,"href":"https:\/\/www.tiendaled.cl\/index.php?rest_route=%2Fwp%2Fv2%2Fproduct_brand&post=11091"},{"taxonomy":"product_cat","embeddable":true,"href":"https:\/\/www.tiendaled.cl\/index.php?rest_route=%2Fwp%2Fv2%2Fproduct_cat&post=11091"},{"taxonomy":"product_tag","embeddable":true,"href":"https:\/\/www.tiendaled.cl\/index.php?rest_route=%2Fwp%2Fv2%2Fproduct_tag&post=11091"}],"curies":[{"name":"wp","href":"https:\/\/api.w.org\/{rel}","templated":true}]}}

<p>Aplique de pared Estilo Moderno para Exterior<br />
Diseño Cilindrico Doble Moderno<br />
Apto para su uso en ambientes exteriores (jardines, terrazas, parques, etc.).<br />
Acabado en Gris<br />
Fabricado en aluminio y Hierro<br />
Posee un grado de protección  contra el agua y las partículas.<br />
Estándar E27 le que le permitirá utilizar cualquier bombilla de bajo consumo o LED, respetando siempre la potencia máxima permitida de 60w<br />
Dimnesiones 9cm diametro X 26 cms de largo</p>

<p>Aplique de pared Estilo Moderno para Exterior Diseño Cilindrico Doble Moderno Apto para su uso en ambientes exteriores (jardines, terrazas, parques, etc.). Acabado en Gris Fabricado en aluminio y Hierro Posee un grado de protección  contra el agua y las partículas. Estándar E27 le que le permitirá utilizar cualquier bombilla de bajo consumo o LED, [&#8230;]
